{"id":164,"date":"2022-09-07T10:31:04","date_gmt":"2022-09-07T08:31:04","guid":{"rendered":"http:\/\/quiberon-aventure.com\/?page_id=164"},"modified":"2025-04-01T09:46:20","modified_gmt":"2025-04-01T07:46:20","slug":"les-parcours","status":"publish","type":"page","link":"http:\/\/quiberon-aventure.com\/index.php\/les-parcours\/","title":{"rendered":"Les Parcours"},"content":{"rendered":"\t\t<div data-elementor-type=\"wp-page\" data-elementor-id=\"164\" class=\"elementor elementor-164\">\n\t\t\t\t\t\t<section class=\"elementor-section elementor-top-section elementor-element elementor-element-3ca5fd3 elementor-section-boxed elementor-section-height-default elementor-section-height-default\" data-id=\"3ca5fd3\" data-element_type=\"section\" data-e-type=\"section\">\n\t\t\t\t\t\t<div class=\"elementor-container elementor-column-gap-default\">\n\t\t\t\t\t<div class=\"elementor-column elementor-col-100 elementor-top-column elementor-element elementor-element-4f1875d3\" data-id=\"4f1875d3\" data-element_type=\"column\" data-e-type=\"column\">\n\t\t\t<div class=\"elementor-widget-wrap elementor-element-populated\">\n\t\t\t\t\t\t<div class=\"elementor-element elementor-element-4bd5e5a elementor-widget elementor-widget-text-editor\" data-id=\"4bd5e5a\" data-element_type=\"widget\" data-e-type=\"widget\" data-widget_type=\"text-editor.default\">\n\t\t\t\t<div class=\"elementor-widget-container\">\n\t\t\t\t\t\t\t\t\t<p><span style=\"vertical-align: inherit;\"><span style=\"vertical-align: inherit;\"><span style=\"color: var( --e-global-color-text ); text-indent: 0em;\"><img fetchpriority=\"high\" decoding=\"async\" class=\"size-large wp-image-305 aligncenter\" src=\"http:\/\/quiberon-aventure.com\/wp-content\/uploads\/2025\/04\/PLAN-PARC-PUBLIC-2025-1024x707.jpg\" alt=\"\" width=\"1024\" height=\"707\" srcset=\"http:\/\/quiberon-aventure.com\/wp-content\/uploads\/2025\/04\/PLAN-PARC-PUBLIC-2025-1024x707.jpg 1024w, http:\/\/quiberon-aventure.com\/wp-content\/uploads\/2025\/04\/PLAN-PARC-PUBLIC-2025-300x207.jpg 300w, http:\/\/quiberon-aventure.com\/wp-content\/uploads\/2025\/04\/PLAN-PARC-PUBLIC-2025-768x530.jpg 768w, http:\/\/quiberon-aventure.com\/wp-content\/uploads\/2025\/04\/PLAN-PARC-PUBLIC-2025-1536x1060.jpg 1536w, http:\/\/quiberon-aventure.com\/wp-content\/uploads\/2025\/04\/PLAN-PARC-PUBLIC-2025-2048x1414.jpg 2048w, http:\/\/quiberon-aventure.com\/wp-content\/uploads\/2025\/04\/PLAN-PARC-PUBLIC-2025-435x300.jpg 435w, http:\/\/quiberon-aventure.com\/wp-content\/uploads\/2025\/04\/PLAN-PARC-PUBLIC-2025-168x116.jpg 168w\" sizes=\"(max-width: 1024px) 100vw, 1024px\" \/><span style=\"vertical-align: inherit;\"><span style=\"vertical-align: inherit;\">Quiberon Aventure vous propose 8 parcours diff\u00e9rents adapt\u00e9s \u00e0 toute la famille en ligne de vie continue.<\/span><\/span><\/span><\/span><\/span><\/p><p><span style=\"text-indent: 0em; color: var( --e-global-color-text );\">4 parcours enfants \u00e0 moins de 3m du sol et 4 parcours \u00e0 plus de 7m (jusqu&#8217;\u00e0 13m)<\/span><\/p>\n<p><!-- \/wp:paragraph --><!-- wp:paragraph --><\/p>\n<p><strong><span style=\"vertical-align: inherit;\"><span style=\"vertical-align: inherit;\"><span style=\"vertical-align: inherit;\"><span style=\"vertical-align: inherit;\"><span style=\"vertical-align: inherit;\"><span style=\"vertical-align: inherit;\"><span style=\"vertical-align: inherit;\"><span style=\"vertical-align: inherit;\">Tailles des participants pour acc\u00e9der aux parcours :<\/span><\/span><\/span><\/span><\/span><\/span><\/span><\/span><\/strong><\/p>\n<p><!-- \/wp:paragraph --><!-- wp:paragraph --><\/p>\n<p><span style=\"vertical-align: inherit;\"><span style=\"vertical-align: inherit;\"><span style=\"vertical-align: inherit;\"><span style=\"vertical-align: inherit;\"><span style=\"vertical-align: inherit;\"><span style=\"vertical-align: inherit;\"><span style=\"vertical-align: inherit;\"><span style=\"vertical-align: inherit;\">Entre 1m et 1,35 m : Pirate, Go\u00e9land, Kid, Famille et Corsaire<\/span><\/span><\/span><\/span><\/span><\/span><\/span><\/span><\/p>\n<p><!-- \/wp:paragraph --><!-- wp:paragraph --><\/p>\n<p><span style=\"vertical-align: inherit;\"><span style=\"vertical-align: inherit;\"><span style=\"vertical-align: inherit;\"><span style=\"vertical-align: inherit;\"><span style=\"vertical-align: inherit;\"><span style=\"vertical-align: inherit;\"><span style=\"vertical-align: inherit;\"><span style=\"vertical-align: inherit;\">Plus de 1,35 m : Aventure<\/span><\/span><\/span><\/span><\/span><\/span><\/span><\/span><\/p>\n<p><!-- \/wp:paragraph --><!-- wp:paragraph --><\/p>\n<p><span style=\"vertical-align: inherit;\"><span style=\"vertical-align: inherit;\"><span style=\"vertical-align: inherit;\"><span style=\"vertical-align: inherit;\"><span style=\"vertical-align: inherit;\"><span style=\"vertical-align: inherit;\"><span style=\"vertical-align: inherit;\"><span style=\"vertical-align: inherit;\">Plus de 1,40m : Tyro<\/span><\/span><\/span><\/span><\/span><\/span><\/span><\/span><\/p>\n<p><!-- \/wp:paragraph --><!-- wp:paragraph --><\/p>\n<p><span style=\"vertical-align: inherit;\"><span style=\"vertical-align: inherit;\"><span style=\"vertical-align: inherit;\"><span style=\"vertical-align: inherit;\"><span style=\"vertical-align: inherit;\"><span style=\"vertical-align: inherit;\"><span style=\"vertical-align: inherit;\"><span style=\"vertical-align: inherit;\">Plus de 1,50m : Sportif<\/span><\/span><\/span><\/span><\/span><\/span><\/span><\/span><\/p>\n<p><span style=\"vertical-align: inherit;\"><span style=\"vertical-align: inherit;\">&nbsp;<\/span><\/span><img decoding=\"async\" class=\"wp-image-171\" src=\"http:\/\/quiberon-aventure.com\/wp-content\/uploads\/2022\/09\/quiberon_aventure_tyrolienne-2-1024x683.jpg\" alt=\"\" width=\"451\" height=\"300\" style=\"text-align: center; color: var( --e-global-color-text );\" srcset=\"http:\/\/quiberon-aventure.com\/wp-content\/uploads\/2022\/09\/quiberon_aventure_tyrolienne-2-1024x683.jpg 1024w, http:\/\/quiberon-aventure.com\/wp-content\/uploads\/2022\/09\/quiberon_aventure_tyrolienne-2-300x200.jpg 300w, http:\/\/quiberon-aventure.com\/wp-content\/uploads\/2022\/09\/quiberon_aventure_tyrolienne-2-768x512.jpg 768w, http:\/\/quiberon-aventure.com\/wp-content\/uploads\/2022\/09\/quiberon_aventure_tyrolienne-2-1536x1024.jpg 1536w, http:\/\/quiberon-aventure.com\/wp-content\/uploads\/2022\/09\/quiberon_aventure_tyrolienne-2-2048x1365.jpg 2048w\" sizes=\"(max-width: 451px) 100vw, 451px\" \/><\/p>\n<p><!-- \/wp:image --><\/p>\t\t\t\t\t\t\t\t<\/div>\n\t\t\t\t<\/div>\n\t\t\t\t\t<\/div>\n\t\t<\/div>\n\t\t\t\t\t<\/div>\n\t\t<\/section>\n\t\t\t\t<\/div>\n\t\t","protected":false},"excerpt":{"rendered":"<p>Quiberon Aventure vous propose 8 parcours diff\u00e9rents adapt\u00e9s \u00e0 toute la famille en ligne de vie continue. 4 parcours enfants \u00e0 moins de 3m du &hellip;<\/p>\n","protected":false},"author":1,"featured_media":0,"parent":0,"menu_order":0,"comment_status":"closed","ping_status":"closed","template":"","meta":{"footnotes":""},"class_list":["post-164","page","type-page","status-publish","hentry"],"_links":{"self":[{"href":"http:\/\/quiberon-aventure.com\/index.php\/wp-json\/wp\/v2\/pages\/164","targetHints":{"allow":["GET"]}}],"collection":[{"href":"http:\/\/quiberon-aventure.com\/index.php\/wp-json\/wp\/v2\/pages"}],"about":[{"href":"http:\/\/quiberon-aventure.com\/index.php\/wp-json\/wp\/v2\/types\/page"}],"author":[{"embeddable":true,"href":"http:\/\/quiberon-aventure.com\/index.php\/wp-json\/wp\/v2\/users\/1"}],"replies":[{"embeddable":true,"href":"http:\/\/quiberon-aventure.com\/index.php\/wp-json\/wp\/v2\/comments?post=164"}],"version-history":[{"count":11,"href":"http:\/\/quiberon-aventure.com\/index.php\/wp-json\/wp\/v2\/pages\/164\/revisions"}],"predecessor-version":[{"id":312,"href":"http:\/\/quiberon-aventure.com\/index.php\/wp-json\/wp\/v2\/pages\/164\/revisions\/312"}],"wp:attachment":[{"href":"http:\/\/quiberon-aventure.com\/index.php\/wp-json\/wp\/v2\/media?parent=164"}],"curies":[{"name":"wp","href":"https:\/\/api.w.org\/{rel}","templated":true}]}}